nits digit of w?
2
Let h = 68 - 66. Suppose 17 = h*g + z, 5*z = 3*g + 2*z - 21. What is the units digit of g?
8
Let j(h) = 16*h + 3. Let i(g) = -g. Let k be (-5)/2*(-8)/10. Let y(s) = k*i(s) + j(s). What is the units digit of y(1)?
7
Suppose 4*x - 2915 = 11*k - 8*k, -2*x = 4*k - 1452. What is the units digit of x?
8
Suppose g + 2*k - 520 = 0, -5*g = 4*k - 1238 - 1362. What is the hundreds digit of g?
5
Let g(t) = 51*t - 110. What is the units digit of g(25)?
5
Suppose 5168 = 16*c - 12*c - 4*u, -3*c = -u - 3872. What is the units digit of c?
0
Suppose -r - 6 = r. Let v be 250/8 - r/(-12). What is the tens digit of v + ((-20)/(-4) - 2)?
3
Let k(h) = 44*h - 1. Let l(y) = 43*y. Let u(m) = 3*k(m) - 4*l(m). What is the tens digit of u(-7)?
7
Let r(g) be the first derivative of 3*g**2 + 2*g - 2. Let i be r(1). Suppose 2*p = b + 2, -b - i = -0*p - 4*p. What is the units digit of b?
4
Suppose 0 = 3*s - x - x - 17, -5*s - 5*x - 5 = 0. Suppose -3*t + 5*q = 52, 4*q = q - s. Let c = t - -25. What is the units digit of c?
6
Let c be (-4 - -2) + (-2 - -9). Suppose c*b + 0*b - 480 = 0. Suppose 3*d - d = b. What is the tens digit of d?
4
Let v be 26/4*8/(-4). Let w(h) = h**2 + 16*h + 31. Let u be w(v). Let k(z) = -z**3 - 8*z**2 + 12. What is the units digit of k(u)?
2
Let y = 321 - 2. Let z be (7 + 39)/(2/4). What is the units digit of y/4 - (-23)/z?
0
Let l(q) = 13*q + 3. Let j = -15 + 18. Suppose 4*h + 3 = h - 3*r, 0 = -j*h - 2*r + 1. What is the units digit of l(h)?
2
Suppose 2*s - 15 = -s. Let d(v) = v**3 + 10*v**2 + 7*v + 10. Let z be d(-9). Suppose -s*l = -6*l + z. What is the units digit of l?
8
Let u be (-14)/56 + 30/(-8). What is the units digit of (-9)/3 - u - -7?
8
Suppose -3*j - 3*j + 30 = 0. Suppose 9*a = j*a + 328. What is the units digit of a?
2
Let a(s) be the first derivative of 4 - s**2 - 10/3*s**3 - 1/4*s**4 - 5*s. What is the tens digit of a(-10)?
1
Suppose 3*v = 5*v - 8. Let w be (-37)/(1 - (4 - v)). Let n = w - -53. What is the tens digit of n?
1
Let w = -1704 + 3116. What is the hundreds digit of w?
4
Let b(i) = 3*i**2 + 33*i + 9. Let z be b(-12). Suppose -z*w + 41*w + 168 = 0. What is the units digit of w?
2
Let c = -3 - -1. What is the tens digit of ((-549)/18)/(c/4)?
6
Let s = -30 - -17. Let c = s - -31. What is the units digit of c?
8
Suppose -2*r = -1254 + 330. Let s be ((-2)/(-6))/((-14)/r). Let n(o) = -2*o + 14. What is the units digit of n(s)?
6
Suppose 0 = -5*p + 2*l + 2*l + 59, -3*l - 58 = -5*p. Let n(f) = f**2 - 4*f + 6. What is the units digit of n(p)?
3
Suppose -23*x = -21*x. Suppose -62 = -a - x*a. What is the units digit of a?
2
Suppose -8*q = -13*q + 3615. What is the tens digit of q?
2
Let w be 0 + (-112)/18 + 24/108. What is the tens digit of w/(-12)*(1 - 458/(-2))?
1
Let i = 2 + -19. Let w(u) = u**3 + 7*u**2 - 10*u - 12. Let z be w(-8). What is the units digit of (z - 1) + -3 - i?
7
Suppose 4*u = -5*a + 6*u + 2167, -4*u = -3*a + 1289. What is the units digit of a?
5
Suppose -30 - 35 = -p. Let y = -32 + p. What is the units digit of ((-2)/(-6) - 0)*y?
1
Let h be (-79 - 5/5)*2/4. What is the tens digit of 430*5*(-4)/h?
1
Let q = 121 + -102. Suppose -11*t - 704 = -q*t. What is the tens digit of t?
8
What is the hundreds digit of (13 - 1)*280/21?
1
Suppose 1 = o - 1. Suppose 30 = o*j - 2*i, -2*j - 2*i = -i - 36. What is the tens digit of j?
1
Let h = 557 + 2135. What is the tens digit of h?
9
Let n(q) = 9*q - 15. What is the units digit of n(8)?
7
Suppose -10*r + 5*r - 10 = 0. Let b(a) be the first derivative of -9*a**2/2 - 3*a - 2. What is the tens digit of b(r)?
1
Let v(s) = s**2 - 22*s - 2. Let i be v(21). Let h = 36 + i. What is the tens digit of h?
1
Let p = -5538 - -8540. What is the thousands digit of p?
3
Let z be 1/(-3) + 210/9. Suppose -3*a = -3, 522 - z = 4*d + 3*a. Let s = 184 - d. What is the tens digit of s?
6
What is the hundreds digit of ((-4620)/(-175))/((-624)/315 + 2)?
3
Let p be (0/(0 - -3))/(-1). Let c be (-33 + p)*4/(-6). Let a = c + -2. What is the units digit of a?
0
What is the hundreds digit of ((-11)/(-4))/((-79)/(-21172))?
7
Let o(i) = -i**3 - 2*i**2 + 5*i + 2. Let f be o(-6). Suppose -2*u = -4*u + f. Suppose 4*c - 156 = -2*t, -2*t = 3*c - u - 59. What is the tens digit of c?
3
Suppose -4*n + 2*h - 6*h + 560 = 0, 4*n - 546 = 3*h. Let x = -85 + n. What is the tens digit of x?
5
Let c(y) = -y + 8. Let z be c(-4). Let l(g) = -1 + 7 + 4 - 2*g + g**2 - z. What is the units digit of l(6)?
2
Suppose -4*r + 3501 = 5*c + 1057, -5*r - 1459 = -3*c. What is the tens digit of c?
8
Let f be -3*(1 - 0)/((-2)/(-50)). Suppose j + 64 = -5*g - 0*g, -2*g = -5*j - 212. Let d = j - f. What is the units digit of d?
1
Suppose 0 = -18*g + 6787 + 251. What is the hundreds digit of g?
3
Let b(a) = -50*a**3 + 4*a**2 + 7*a - 21. What is the units digit of b(-3)?
4
Let r(w) = -w**3 - 13*w**2 - 17*w - 26. Let f be r(-12). Let i = 84 + f. What is the tens digit of i?
1
Let p be (-346)/(-1)*(21/(-14) - -2). Suppose -p + 53 = -w. What is the tens digit of w?
2
Let z(t) = -18*t - 22. Suppose -x = -k - 1, -9 = 2*k - x - 2. What is the tens digit of z(k)?
8
Suppose 317 + 159 = 4*t. Let m = t - -90. What is the hundreds digit of m?
2
Let s = -184 + 4. Let l = s + 275. What is the units digit of l?
5
Suppose 333 = -4*c + 4*y + 3369, -3797 = -5*c + 3*y. What is the units digit of c?
0
Let f(b) = -2*b**3 - 2*b**2 - 4*b - 1. Suppose 0 = o - u + 2, 2*u + 10 = -4*o - 4. What is the tens digit of f(o)?
4
Let u(k) = k**2 + 4*k - 16. Let h be u(-7). Suppose -5*l = -10 - h. Suppose 0 = -l*z + 6, -2*z = 4*x + 3*z - 130. What is the tens digit of x?
3
Let d(g) be the second derivative of -41*g**3/6 - 7*g. What is the tens digit of d(-1)?
4
What is the units digit of 1074/(-8)*-12*(-24)/(-54)?
6
Let i(g) = -g**2 + 16*g - 16. Let x(s) = -s + 7. Suppose 0 = -3*h - 11 - 10. Let m be x(h). What is the tens digit of i(m)?
1
Suppose -4*k - 4*f - 880 = 0, -f + 92 + 122 = -k. Let n = -7 - k. What is the tens digit of n?
1
Let i = 7752 + -5436. Suppose -15*l - i = -19*l. What is the tens digit of 3/(-12) - l/(-12)?
4
Let d(g) = 4*g**2 + 4*g + 30. What is the hundreds digit of d(-17)?
1
Suppose 3*i + 3*k = 492, 0 = 2*i - 5*i - 5*k + 484. Suppose -3*h = 3*a + 2*a - 5, -3*h - 31 = -4*a. Suppose -2*c + i = a*c. What is the units digit of c?
8
Let p(o) = -9*o**3 + 8*o**2 + 18*o + 5. What is the hundreds digit of p(-4)?
6
Suppose 5*x - 41 = o, 4*o + 4*x + 40 = 2*o. Suppose 2*i + 490 = 9*i. Let u = o + i. What is the units digit of u?
4
Suppose 22*i = 4*x + 27*i - 12838, 0 = -2*x + 3*i + 6430. What is the hundreds digit of x?
2
Let z = -13 - -20. Let i(j) = j**2 - 8*j + 9. What is the units digit of i(z)?
2
Let b(q) = -2*q**3 + 6*q**2 + 2*q + 3. Let p be b(3). Suppose -3*w - p*w = -2664. What is the hundreds digit of w?
2
Let h = 732 + -393. What is the tens digit of h?
3
Let m(l) = 2*l**2 + 11*l + 19. Let j(h) = -h + 4. Let s be j(12). What is the tens digit of m(s)?
5
What is the units digit of 89250/90 + (-12)/(-9)?
3
Let d = 419 + -225. What is the tens digit of d?
9
Let w = -1237 - -2170. What is the tens digit of w?
3
Let o be 120/9 - (-4)/6. Suppose -o - 22 = -4*t. Let c = 19 - t. What is the units digit of c?
0
Let j(r) = 18*r**2. Let n be j(-1). Suppose -3*d = -d - n. What is the units digit of 48/d*(-108)/(-16)?
6
Let g(r) = 5*r - 21. Let f be (-14)/(-21) + (-16)/(-3). Let m be (f/(-2) - -13) + -1. What is the units digit of g(m)?
4
Let b = -322 - -1008. What is the tens digit of b?
8
Let q be (-36)/(-16)*(16 + 4). Suppose 5*r - 4*r = q. What is the tens digit of r?
4
Let s(h) = 993*h - 186. What is the tens digit of s(4)?
8
Suppose -3*i + 0*i = -6. Suppose -3*f - 3*p - 3 = -6, i*f = -p + 1. Suppose f = -3*k + 3*g + 39, 2*k - 5*g = -0*k + 38. What is the units digit of k?
9
Let n(r) = -63*r + 123*r - 63*r + 10. What is the tens digit of n(0)?
1
Let i(a) = -10*a. Let b(h) = -h**3 - 8*h**2 - 8*h - 3. Let r be b(-7). Suppose 0 = 2*y - 5*u, -r*u + 0*u = -y + 3. What is the tens digit of i(y)?
5
Suppose 4*b = -v + 4309, 5*v + 4303 = 4*b + 8*v. What is the thousands digit of b?
1
Let h = -68 - -73. Let n = 57 + h. What is the units digit of n?
2
Let x(m) = -m**2 + 18*m - 1. Let j be x(14). What is the hundreds digit of (-129)/(j/(-20) - -2)?
1
Let u = 